{"id":14,"date":"2023-03-30T15:32:15","date_gmt":"2023-03-30T12:32:15","guid":{"rendered":"https:\/\/mattirag.com\/?page_id=14"},"modified":"2023-03-30T15:35:01","modified_gmt":"2023-03-30T12:35:01","slug":"yllapitajan-tervehdys","status":"publish","type":"page","link":"https:\/\/mattirag.com\/index.php\/yllapitajan-tervehdys\/","title":{"rendered":"Yll\u00e4pit\u00e4j\u00e4n tervehdys"},"content":{"rendered":"\n<p>Hei kaikki! Olen Teppo ja kerron t\u00e4ss\u00e4 hieman miten olen p\u00e4\u00e4tynyt n\u00e4iden sivustojen yll\u00e4pitoon.<\/p>\n\n\n\n<p>Vuonna 2017 isk\u00e4ni Alpo &#8220;Api&#8221; Kuusela poistui joukostamme ja h\u00e4n oli aloittanut HTML-pohjaisten sivujen yll\u00e4pit\u00e4misen yst\u00e4v\u00e4lleen Matti Rag Paanaselle.<\/p>\n\n\n\n<p>Kun Alpo oli poissa sivuilla ei ollut yll\u00e4pit\u00e4j\u00e4\u00e4 ja niinp\u00e4 Matti alkoi kysell\u00e4 l\u00f6ytyyk\u00f6 ket\u00e4\u00e4n yll\u00e4pito taitoista henkil\u00f6 meiss\u00e4 Alpon j\u00e4lkipolvessa.. Meit\u00e4 olisi k\u00e4yt\u00e4nn\u00f6ss\u00e4 ollut parikin vaihtoehtoa, mutta velipojilla ei ollut taitoa tai aikaa, joten min\u00e4 ilmottauduin vapaaehtoiseksi.<\/p>\n\n\n\n<p>Olen itse koulutukselta datanomi, eli t\u00e4m\u00e4 yll\u00e4pito ei ole senk\u00e4\u00e4n puolesta itselleni ihan vieras, vaikka en niit\u00e4 t\u00f6it\u00e4 juuri ole tehnytk\u00e4\u00e4n, mutta onhan minulla itsell\u00e4 iso tepish.net sivusto kokonaisuus jota yll\u00e4pid\u00e4n.<\/p>\n\n\n\n<p>Kaikeksi onneksi olen HTML-kielenkin opiskellut jo 2000-luvun alussa  ennen datanomi opintoja, joten sek\u00e4\u00e4n ei tuottanut ongelmaa. Niinp\u00e4 aloin yll\u00e4pit\u00e4\u00e4 tuolloin mattirag.com alaisia sivuja, jotka sittemmin kaapattiin ja niille tupsahti jotain ihan muuta&#8230; Matti oli jotenkin s\u00e4hl\u00e4nnyt URL maksunsa ja joku muu taho ehti siepata kyseisen osoitteen. Niinp\u00e4 tuolloin vaihdettiin URL mattirag.fi osoitteeseen.<\/p>\n\n\n\n<p>Loin Matille my\u00f6s h\u00e4nen suuren ihailunsa arvoiset Virtuaali ragala sivustot pikkuisena ylim\u00e4\u00e4r\u00e4isen\u00e4 harrastus hommana, jotta Matille saatiin my\u00f6s hieman uudemmat sivut, kuin HTML. Matti halusi kuitenkin yh\u00e4 pit\u00e4\u00e4 my\u00f6s HTML-sivunsa, joten olkoon niin my\u00f6s jatkossakin, ainakin minun puolestani.<\/p>\n\n\n\n<p>NYT 2023 mattirag.com oli taas vapaa, joten nappasin sen takaisin ja nyt n. vuosi Matin poismenon j\u00e4lkeen jatketaan j\u00e4lleen vanhassa osoitteessa ja ainakin nyt t\u00e4m\u00e4 seuraava vuosi pari ollaan t\u00e4ss\u00e4 osoitteessa \ud83d\ude09<\/p>\n\n\n\n<p>Eli toivotan omasta puolestani iloisia vierailuja Matti Rag Paanasen uusitussa mattirag.com osoitteessa<\/p>\n\n\n\n<p><strong>Terveisin. Teppo Kuusela 2023<\/strong><\/p>\n","protected":false},"excerpt":{"rendered":"<p>Hei kaikki! Olen Teppo ja kerron t\u00e4ss\u00e4 hieman miten olen p\u00e4\u00e4tynyt n\u00e4iden sivustojen yll\u00e4pitoon. Vuonna 2017 isk\u00e4ni Alpo &#8220;Api&#8221; Kuusela poistui joukostamme ja h\u00e4n oli aloittanut HTML-pohjaisten sivujen yll\u00e4pit\u00e4misen yst\u00e4v\u00e4lleen Matti Rag Paanaselle. Kun Alpo oli poissa sivuilla ei ollut yll\u00e4pit\u00e4j\u00e4\u00e4 ja niinp\u00e4 Matti alkoi kysell\u00e4 l\u00f6ytyyk\u00f6 ket\u00e4\u00e4n yll\u00e4pito taitoista henkil\u00f6 meiss\u00e4 Alpon j\u00e4lkipolvessa.. Meit\u00e4 [&hellip;]<\/p>\n","protected":false},"author":1,"featured_media":0,"parent":0,"menu_order":0,"comment_status":"closed","ping_status":"closed","template":"","meta":{"_monsterinsights_skip_tracking":false,"_monsterinsights_sitenote_active":false,"_monsterinsights_sitenote_note":"","_monsterinsights_sitenote_category":0},"_links":{"self":[{"href":"https:\/\/mattirag.com\/index.php\/wp-json\/wp\/v2\/pages\/14"}],"collection":[{"href":"https:\/\/mattirag.com\/index.php\/wp-json\/wp\/v2\/pages"}],"about":[{"href":"https:\/\/mattirag.com\/index.php\/wp-json\/wp\/v2\/types\/page"}],"author":[{"embeddable":true,"href":"https:\/\/mattirag.com\/index.php\/wp-json\/wp\/v2\/users\/1"}],"replies":[{"embeddable":true,"href":"https:\/\/mattirag.com\/index.php\/wp-json\/wp\/v2\/comments?post=14"}],"version-history":[{"count":3,"href":"https:\/\/mattirag.com\/index.php\/wp-json\/wp\/v2\/pages\/14\/revisions"}],"predecessor-version":[{"id":18,"href":"https:\/\/mattirag.com\/index.php\/wp-json\/wp\/v2\/pages\/14\/revisions\/18"}],"wp:attachment":[{"href":"https:\/\/mattirag.com\/index.php\/wp-json\/wp\/v2\/media?parent=14"}],"curies":[{"name":"wp","href":"https:\/\/api.w.org\/{rel}","templated":true}]}}